et t(q) = -18*q. Let w be t(-1). Let d(j) = -2 - 2*j**2 + 5*j**2 - j**2 + 9*j. Let o be d(-8). What is the highest common factor of o and w?
18
Let c = -9 + 119. What is the greatest common factor of 44 and c?
22
Suppose -2*s = i - 40, -2*s = 3*i - i - 38. Calculate the highest common factor of 14 and s.
7
Let i(u) = -u**3 - u**2 - 2. Let p be i(-2). Suppose -p*d + 336 = 5*d. What is the highest common divisor of d and 12?
12
Let l = -8 + 9. Calculate the greatest common factor of l and 11.
1
Suppose -117 = -3*c - 0*c. What is the greatest common factor of 13 and c?
13
Let n(d) = -d**3 - 6*d**2 - 7*d - 2. Let t be n(-5). What is the greatest common divisor of 12 and t?
4
Let y(f) = 29*f**3 + 2*f - 1. Let u be y(1). Suppose -77 = -2*r + 73. Calculate the highest common divisor of u and r.
15
Suppose r = -0*r - 9. Let t be (-3 + 0)*r/9. Let b be (4/6)/(t/378). Calculate the greatest common divisor of 12 and b.
12
Let i(l) = -45*l + 6. Let t be i(-3). Suppose -s - 3*v = -t, -301 = 4*s + 4*v - 881. What is the highest common factor of s and 21?
21
Let g(c) = -2*c + 3. Let w be g(0). Suppose -w*y + 25 + 11 = 0. What is the highest common divisor of 8 and y?
4
Let l = -2 + 0. Let i(o) = 2 - 4*o**2 + 2*o**2 + 3*o**2 + 2*o**2. Let u be i(l). Calculate the greatest common factor of 154 and u.
14
Let o(n) = 2*n**2 + 39*n + 23. Let p be o(-19). What is the highest common factor of 10 and p?
2
Let t = -1 - -12. What is the highest common factor of 55 and t?
11
Let o = -2 + 66. Calculate the highest common factor of o and 8.
8
Let x = 0 - 9. Let c(t) = -t**2 - 14*t + 19. Let z be c(x). What is the highest common factor of 8 and z?
8
Suppose -2*t - 2*z + 13 + 9 = 0, 4*t - 47 = -z. Calculate the highest common factor of t and 28.
4
Suppose -29 = 4*h - 81. What is the greatest common factor of h and 117?
13
Let x(s) = s**3 - s**2 - 3*s - 2. Let q = 6 + -5. Let p be (4 - 1/1)*q. Let i be x(p). Calculate the highest common factor of 35 and i.
7
Suppose 2*k - 51 = r, -k + 5 = 2*r - 18. What is the highest common factor of 5 and k?
5
Let p = -6 + 35. Suppose 4*m - p = 5*d, 14 + 11 = -5*d. Let j = -9 + 10. What is the highest common factor of m and j?
1
Suppose -5*p - 11 = -36. Let q be 5*1*4/p. Let d(w) = w**2 - w + 4. Let m be d(q). Calculate the greatest common factor of 8 and m.
8
Let w(l) = 4*l + 4. Let i be w(-4). Let h = 21 + i. Let j(p) = p**3 + 9*p**2 + 10*p - 1. Let g be j(-7). Calculate the greatest common factor of g and h.
9
Suppose -5*a + 4*r - 2*r = -81, 3*a = 4*r + 57. Calculate the highest common factor of a and 75.
15
Let u(z) be the second derivative of z**4/6 - 7*z**3/6 + 3*z**2/2 + z. Let y be u(5). Calculate the greatest common factor of 27 and y.
9
Suppose 0*w - w = -4*m + 35, 3*m + 4*w = 50. Suppose 1 = -p + m. Calculate the highest common factor of 27 and p.
9
Let t be 0 + 3 - (-404)/4. Suppose -31 - t = -3*w. Calculate the highest common factor of w and 15.
15
Let c be 4/12 + (-16)/(-6). Suppose 0 = 7*a - c*a + 8. Let i(h) = -4*h + 2. Let p be i(a). What is the greatest common divisor of 40 and p?
10
Let h = 79 + 16. What is the highest common factor of 19 and h?
19
Suppose -5*f = -5*d - 15, 4*f - 6 = -d + 2*d. Let h be 1 - (3/(-3) - -1). Calculate the highest common factor of f and h.
1
Let j = 117 - 74. Let f = -25 + j. What is the greatest common divisor of f and 6?
6
Suppose -2*f + 13 + 31 = 5*n, 0 = 4*n. What is the highest common factor of f and 198?
22
Suppose -4*v + 259 - 91 = 0. Suppose -26 = -4*h - 2. What is the highest common divisor of h and v?
6
Let s be -3 - (-1 + 3 + 2). Let u = s + 18. What is the greatest common factor of 1 and u?
1
Suppose 0 = 2*z + 2*g - 4*g - 106, -8 = -4*g. Let m(v) = v**2 - v**3 - 3*v + 2*v - v**2 + 11. Let o be m(0). Calculate the highest common divisor of o and z.
11
Suppose -4*y = -p - 503, 7*y - 3*y - 5*p = 515. Calculate the highest common divisor of 25 and y.
25
Let k = 170 - 155. Calculate the highest common factor of 10 and k.
5
Let l(c) = -c**3 + 12. Let d(a) = a**2 - 2*a + 2. Let v be d(2). Suppose 0 = -0*f - v*f. Let h be l(f). What is the greatest common factor of 84 and h?
12
Let y(l) = -12*l. Let k be y(-1). Let w = 104 - 74. Calculate the greatest common factor of k and w.
6
Let g(b) = -3*b - 5*b**3 + 3*b**3 - 2 + 0. Let p be g(-2). Calculate the greatest common divisor of 60 and p.
20
Suppose -4*g = 2*d - 8 - 6, 0 = 5*d - g - 2. Suppose -9 = o - 3*z - 31, 5*z = 15. Suppose -o = -4*l + d. Calculate the greatest common divisor of 8 and l.
8
Let p = 5 + -5. Suppose p*j = -3*j + 6. Suppose -t - g + 13 = -0*t, -t = -j*g + 2. Calculate the highest common divisor of 24 and t.
8
Suppose s + 4 = 2*s. Suppose -s*d - 6 = -42. Calculate the highest common divisor of d and 9.
9
Let m(y) = -3*y + 1. Let n be m(-5). Let j be (-75)/6*4/(-2). Suppose -5*v = -v + g - 157, -j = -v - 5*g. What is the highest common factor of n and v?
8
Let g = -97 - -105. What is the greatest common divisor of 72 and g?
8
Let s(k) = -k**3 - 4*k**2 + 2*k + 2. Suppose 5*p - 2*p = -15. Let r be s(p). Calculate the greatest common divisor of 85 and r.
17
Suppose 0*x + 165 = x. Let k = -19 - -34. What is the highest common divisor of x and k?
15
Let f(t) = -t**3 + 2*t**2 - 1. Let d be f(-1). Let q be 154*d*2/4. Calculate the greatest common factor of 22 and q.
22
Suppose 0 = 3*z + 4*t - 29, z - 3 = -t + 7. Calculate the greatest common divisor of 1 and z.
1
Suppose -5*z - 22 = -4*u, -z - 2*z = -6. Let f(d) = -4*d**3 - d**2 + 4 + 7*d**2 + 3*d**3. Let k be f(6). Calculate the highest common divisor of k and u.
4
Let f be -2*(-1 + 2 + -446). Suppose -f = -4*v + 1206. Suppose 2*x = -5*b + 638, x = -4*b - 4*x + v. What is the highest common factor of 14 and b?
14
Suppose -4*h - 2*b + 244 = 0, -3*h - 66 = -4*h - 3*b. Calculate the highest common divisor of 15 and h.
15
Let o(f) = 3*f**3 - 2*f**2 + f. Let d be o(1). Suppose -3*w + w = -36. Calculate the greatest common factor of d and w.
2
Suppose 0 = -0*b - 5*b + 15. Suppose -b*t - 4*q + 147 = -0*t, t + 4*q - 57 = 0. Let a be -2 + 0 - (-20)/1. What is the greatest common divisor of t and a?
9
Let w = 39 + 66. Suppose -3*o = -d + 39, -2*d + w = d - 3*o. What is the greatest common factor of d and 11?
11
Suppose 2*d + 0*d + 28 = 0. Let z be 10/35 + (-94)/d. What is the greatest common factor of z and 77?
7
Suppose -5*s = -6*s + 22. Calculate the greatest common factor of s and 55.
11
Suppose 2*m - 2*j - 23 = 5, -4*m + 36 = j. Let f = m - 2. Suppose 3*s = -3*k - k - 1, k - 8 = 2*s. What is the highest common divisor of k and f?
2
Suppose 3*f + 2*o - 22 = 0, 4*f - 3*o + 0*o = 18. What is the highest common divisor of f and 54?
6
Let q(x) = 3*x**2 + 2 - 3*x**2 - 4*x - x**2. Let z be q(-4). Suppose -c - 11 = -z*c. Calculate the highest common factor of 1 and c.
1
Let w be 1*(-3)/(-4)*32. Let k be (-3)/(3 + (-8)/3). Let l be 3*(-1 + (-33)/k). Calculate the highest common divisor of l and w.
8
Let f be (1 + (-5)/3)*-3. Suppose -7*l = -f*l - 275. Calculate the greatest common factor of 11 and l.
11
Let o(b) = 2*b + 73. Let j be o(22). What is the greatest common divisor of j and 18?
9
Suppose 0 = -3*x - q - 2*q + 57, -2*x - 3*q + 39 = 0. Calculate the greatest common divisor of x and 12.
6
Let k = 0 - -5. What is the highest common divisor of k and 80?
5
Let q = 24 - 15. Calculate the greatest common factor of 6 and q.
3
Let x(o) = -o - 2. Let p be x(-3). Let y(i) = i**3 - 8*i**2 - 10*i + 10. Let f be y(9). What is the greatest common factor of f and p?
1
Let v(q) = q**3 - 10*q**2 + 10*q - 10. Let p be v(8). Let w = 77 - p. Calculate the greatest common factor of 15 and w.
15
Suppose -3*w = p + 2*w - 21, -2*p + 2*w + 78 = 0. Calculate the greatest common factor of 4 and p.
4
Suppose -3*w = 6, -2*o - 4*w + 2*w = -76. Let a(r) = -3*r. Let t be a(-3). Suppose -4*b - 40 = -t*b. Calculate the highest common factor of o and b.
8
Let l = 62 + -44. Suppose 23 = 3*o - 58. Calculate the highest common factor of l and o.
9
Let f be 3*4/(-12)*-5. Suppose -2*x + f*x = 12. Calculate the highest common factor of 4 and x.
4
Let y = -10 - -12. Suppose b - 24 = -y*b. Calculate the greatest common divisor of b and 40.
8
Let l be -439 - 2 - 2/1. Let k = -256 - l. Let x be 17*(0/(-3) + 1). Calculate the g